- h**4/4 - 17*h**2. Give i(-5).
5
Let o be 22 - ((-2)/(-1) - 5). Suppose 0 = 5*j - 2*q + 28, j - 5*q = 1 - o. Let f(v) = -2*v**2 - 4*v + 1. Give f(j).
-15
Let j be (21/(-35))/((-1)/10). Let d(i) = i - 12. Calculate d(j).
-6
Let h(b) = b - 1. Let p(v) = 4*v**2 + 4*v - 6. Let s(f) = -5*h(f) + p(f). Give s(-1).
4
Let g(n) = 67 - 32 + 3*n**2 + n**2 + n**3 - 36. What is g(-2)?
7
Let o = 10 - 4. Let u(k) = -k**3 + 5*k**2 + 7*k + 3. Give u(o).
9
Let t(r) be the second derivative of r**3/6 + r**2/2 + r. Let m = -3 + 8. Suppose -4*u - m*z = -4*z + 6, 14 = -3*u + 4*z. Determine t(u).
-1
Let q(t) = t**3 + 5*t**2 - 5*t - 1. Suppose 6*k + 12 = -18. Determine q(k).
24
Let l(c) = -7*c**2 + 2*c + 4. Let u(g) = 6*g**2 - g - 4. Let v(r) = -5*l(r) - 6*u(r). Calculate v(-5).
-1
Let k(w) be the first derivative of 2 - 11/2*w**2 - w. Calculate k(-1).
10
Let r(u) = 7*u**2 + 3*u - 2. Let p(y) = 11*y**2 + 5*y - 3. Let i(t) = -5*p(t) + 8*r(t). Suppose -70 = -6*j + 11*j. Let f be 12/j - (-10)/(-70). Give i(f).
1
Let a(i) = -i - 7*i - 4*i + i. Give a(1).
-11
Let m(a) = -2*a**2 - 1. Let l be (-3)/(4 + -1) - 1. What is m(l)?
-9
Suppose -5*j + 18 = -3*o - 3, -3*o - 15 = -3*j. Let r(p) = -4*p - 1. Determine r(o).
7
Let y(v) = -5 - 4*v + 12 + 3*v**2 - 8*v**2 + 4*v**2. Give y(-5).
2
Let k(u) be the first derivative of 2*u**2 + 2*u + 16. What is k(-2)?
-6
Let g = -1 + 4. Let d(m) = -5 + 2 + m**2 + m**2 + m**3 + 0*m**g - 5*m. Calculate d(-3).
3
Suppose 4*f + 9 = -3*h, -3*f - 2 = -6*f - 4*h. Let n(r) = r**3 + 6*r**2 - r + 6. Calculate n(f).
12
Let y(t) be the third derivative of 1/360*t**6 + 0*t**3 + 0*t + 0 + t**2 + 1/24*t**5 + 1/24*t**4. Let q(i) be the second derivative of y(i). What is q(-5)?
-5
Let x(v) = 0 + 1 + 6*v**2 + 1 - 7*v - v**3. Let p(r) = r**3 - 3*r**2 + 3*r - 2. Let d be p(2). Suppose d*s + 20 = 4*s. What is x(s)?
-8
Suppose -3 = -3*h + 6*h, -2*l - h = -23. Suppose -3*g + 9 = -l. Let d = g + -11. Let x(r) = r + 3. What is x(d)?
-1
Let k(d) be the third derivative of -d**5/20 + d**4/6 - d**3/3 - d**2. Let m(z) = 2*z**3 - 2*z + 2. Let h be m(1). Give k(h).
-6
Let n(i) = -2*i + 2. Suppose -36 = 4*j - 4*l, -8*j = -3*j - 3*l + 37. Suppose 3*q - 13 - 29 = 0. Let s(w) = -6*w + 6. Let u(g) = j*s(g) + q*n(g). What is u(4)?
6
Suppose -y + 5 = -2*k, 5 = y - 0*y + 4*k. Let i(t) = t**2 - 6*t + 3. Give i(y).
-2
Let c be (-2)/(-5) - (-8)/(200/15). Let y(h) = 16*h**2. Give y(c).
16
Suppose -v + 4*r + 10 = 0, 5*r = v - 13 - 0. Let s be (v/4 - 0)*-10. Let x(u) = -2*u + 32. Let p(q) = q - 17. Let t(f) = -7*p(f) - 4*x(f). What is t(s)?
-4
Let m(a) = -a**3 - 1. Let n(z) be the second derivative of 3*z**5/20 - z**4/3 - z**3/6 - 5*z**2/2 + 5*z. Let j(u) = 2*m(u) + n(u). Determine j(5).
13
Let r = -2 + 5. Suppose 4*m - 24 = -2*g, r*g = 2*g - 4*m + 20. Let o = -1 + g. Let q(c) = -c**3 + 2*c**2 + 4*c + 1. Give q(o).
4
Let a be 6/12*(0 + 0). Suppose 5*b - 15 = a, 2*m - m - 5*b = -13. Suppose -m*l = -2*s + 2, 5*l + s - 4*s + 1 = 0. Let k(p) = p**2 + 1. Give k(l).
2
Suppose -6*n = -9*n + 6. Let y(x) = 5*x**3 + x**n + x**2 - 2*x + 1 - x**3 - 5*x**3. What is y(2)?
-3
Let h(d) = -1 - 1 + 68*d**2 + 1 - 71*d**2. Suppose -28 - 72 = 4*r. Let b be r/20 + 1/4. Determine h(b).
-4
Let m be (-70)/(-15)*(-3)/(-2). Let b(r) = -r + 3. Determine b(m).
-4
Let v(g) = 2*g + 11. Let x(b) = -b - 6. Let k be 3/(((-1)/(-1))/(-2)). Let w(r) = k*v(r) - 11*x(r). Give w(3).
-3
Let y(m) be the second derivative of -m**5/20 - 5*m**4/12 + 5*m**3/6 - 7*m**2/2 - m. Let u = -78 + 72. Calculate y(u).
-1
Let r(g) be the first derivative of g**3/3 + 5*g**2/2 + 5*g + 4. Give r(-4).
1
Let b(m) = 7*m. Suppose 4*y - 5*y = -r + 2, 0 = -y - 3. What is b(r)?
-7
Let j = -30 - -18. Let v be j/(-2)*(-4)/(-12). Suppose -4*t - 5 = -5*p + 17, 0 = -v*p - t + 14. Let z(m) = -m**2 + 6*m - 1. Calculate z(p).
-1
Let k(x) = -x**3. Let m = -2 + 2. Suppose m = 2*y - 10. Suppose 3*t + y*u + 5 = 0, -2*t + 4 = 3*t - 4*u. Calculate k(t).
0
Let u = 47 - 48. Let z(w) = -w. Calculate z(u).
1
Let m = 154 - 153. Let t(i) = -4*i**2 + i - 1. Calculate t(m).
-4
Suppose -b + 1 = n, -n = -b - 3*b - 1. Let z(f) be the second derivative of -1/2*f**3 - f + 0*f**2 + b. What is z(2)?
-6
Let d(m) = m + 1. Let j(v) = v**2 + 7*v - 1. Let g(y) = 4*d(y) - j(y). Let a be (0 + -1)/((-1)/4). Suppose 0 = -a*p - 13 - 3. Calculate g(p).
1
Let w(h) be the first derivative of 5/3*h**3 - 2 - h - 1/2*h**2. Determine w(-1).
5
Let b(l) = -3*l**2 + 1. Let v(w) = -w. Let m be v(1). What is b(m)?
-2
Let n(i) be the second derivative of -1/2*i**2 + 0 + i**3 - 5*i - 1/12*i**4. Suppose 4*g - 4 = -5*j, -10 = -3*g - j - j. Calculate n(g).
-1
Suppose h + 14 = 4*h + 4*w, 9 = 2*h + 3*w. Let b(x) = -x + 2. Let t(y) be the first derivative of -3*y**2/2 + 7*y - 7. Let f(o) = 7*b(o) - 2*t(o). What is f(h)?
-6
Let w(f) = -f - 2. Let l(p) = p**3 + 4*p**2 - 6*p - 2. Let d be 1/(-2)*5*2. Let v be l(d). Suppose g - v*g - 4 = 3*k, 4*k = g + 13. Determine w(k).
-4
Let o(w) = -11*w + 7*w + 1 + 3*w. Give o(-6).
7
Let y(l) be the first derivative of -l**7/840 - 7*l**6/360 - l**5/24 + l**4/12 + 2*l**3/3 - 4. Let m(s) be the third derivative of y(s). Calculate m(-6).
-4
Let i(s) = 3*s**2 - 10*s - 3. Let u(y) = -5*y**2 + 15*y + 5. Let z(m) = 8*i(m) + 5*u(m). Let f be 10*2/(-4)*(-1 - -2). Determine z(f).
1
Let z(m) be the second derivative of m**3/2 + 5*m**2/2 - 5*m. Determine z(5).
20
Let h be (-3 + 65/25)*5. Let c(p) = p**3 - p**2 + 1. What is c(h)?
-11
Let z(u) = u - 19. Let q be z(22). Let r(j) = 2*j - 4. Determine r(q).
2
Let i(h) = -h**2 + 3*h - 3. Let k(n) = -n**3 + 5*n**2 + 8*n - 2. Let o be k(6). Suppose -5*m - o = -j - 2*m, 0 = 3*j - 3*m - 18. Determine i(j).
-7
Let c(f) = -7*f**3 - 3*f**2 - 1 + 2*f + 2*f**3 - 2*f**2 + 4*f**2. Let m be (4/6)/(4/6). What is c(m)?
-5
Let r(o) = -o**3 - 5*o**2 - o + 3. Let u = -43 - -39. Give r(u).
-9
Let i(m) = -225*m + 4*m**2 + 225*m + 1 + m**3 - 2. Let o(w) = w + 3. Let s be o(-6). Determine i(s).
8
Let l = 1 + -1. Let c(w) = 2*w**2 + 2*w + 1. Let v(r) = -3*r**2 - 3*r - 1. Let u(q) = -8*c(q) - 5*v(q). What is u(l)?
-3
Let p(j) = -j**3 + 6*j**2 + j - 2. Let m be (1 - (-3 - 0)) + 2. Let k be p(m). Suppose -5 - 7 = k*w. Let r(n) = n + 4. Determine r(w).
1
Let i = 5 + -8. Let o(f) be the first derivative of f**2/2 - 3*f + 18. Give o(i).
-6
Suppose -x + o + 3 = 2, -x - 3*o = 7. Let y = 2 + -2. Let n(q) = -3*q - 1 + y*q + q. Calculate n(x).
1
Let d(x) = -2*x**2 - 21*x + 1. Let n(c) = -c**2 - 10*c. Let r(f) = 4*d(f) - 9*n(f). Let q = -2 + 20. Let l = 13 - q. Give r(l).
-1
Let j(t) = -t**2 + t - 2. Suppose -3*f + 1 = 5*b, -b + 1 = -f + 2*f. Let d(y) = y**2 - 4*y + 5*y + 0*y**f. Let v be d(-1). Determine j(v).
-2
Let i be (3/(-2))/((-3)/16). Let u be 1 + -2 + i + -2. Let q(d) be the first derivative of -d**2/2 + 5*d + 1. What is q(u)?
0
Let f(b) = -2*b + 7. Suppose x = 3*n + 2 - 1, -x = -5*n - 5. Let m be 2*(-1)/n + 4. Let k be f(m). Let t(a) = a**2 - a - 4. Determine t(k).
8
Let l(k) = k + 6. Let g(x) = -5*x - 24. Let f be (1 + -2)*(-4)/(-2). Let v(h) = f*g(h) - 9*l(h). Calculate v(4).
-2
Let w(g) = -4*g - 1. Let b be w(-4). Suppose u = -4*u + b. Let f(c) = 4*c**u + c**2 - 5*c**3 + 2*c - c + 1. What is f(0)?
1
Let y(h) = h**2 - 1. Suppose -6 = -5*g + 4. Suppose -g*x + 14 = 2*x + 2*z, -2*x = -z - 13. Suppose -5*w + x = -5. Give y(w).
3
Let g(o) = o**3 - 2*o - 7. Let n be g(0). Let p(c) = 2*c**2 + 16*c - 1. Let f(b) = -3*b**2 - 24*b + 1. Let k(j) = -5*f(j) - 7*p(j). Calculate k(n).
-5
Suppose 0 = -2*c + 4*c. Let h be (1 - 3) + 0 - c. Let v(p) = p + 1. Let j(o) = -3*o**2 - 10*o - 8. Let z(d) = -j(d) - 6*v(d). Determine z(h).
6
Let n(k) = 8*k + 11. Let o(g) = -g**2 + g. Let y(a) = n(a) + 6*o(a). Let s(m) = 3 + 2*m**2 + 0*m - 4 - 3 - 5*m. Let t(p) = -11*s(p) - 4*y(p). Give t(2).
6
Suppose -10 = -2*f - 2*m, 3*f + 14 = 7*f - 2*m. Let v(w) = -3*w + f*w - 5*w + 2*w + 7. Suppose 0 = 3*i - 21 + 6. Give v(i).
-3
Let h(x) = 13*x**2 + 20*x. Let q(n) = -3*n**2 - 5*n. Let d(k) = 2*h(k) + 9*q(k). Let y(a) = a**3 + 1. Let l be y(3). Let o be 2 + l/(-8)*2. Determine d(o).
0
Let m(c) = 0*c**2 + c + 2 + 2 + c**2. Suppose -4*r + 8*r = 0. What is m(r)?
4
Let x(t) be the third derivative of t**4/6 - t**3/2 - 2*t**2. Let h(y) be the third derivative of y**4/24 + 2*y**3 + 3*y**2. Let d be h(-9). W